{"id":42,"date":"2023-01-23T18:35:48","date_gmt":"2023-01-23T18:35:48","guid":{"rendered":"https:\/\/ecp.pome.de\/?post_type=product&#038;p=42"},"modified":"2023-02-02T08:35:19","modified_gmt":"2023-02-02T08:35:19","slug":"cap-kids-mit-ecp-logo","status":"publish","type":"product","link":"https:\/\/ecp.pome.de\/index.php\/produkt\/cap-kids-mit-ecp-logo\/","title":{"rendered":"Cap Kids mit Hopfi Logo"},"content":{"rendered":"<div id=\"product-details-description\" class=\"tab-pane active\">\n<div class=\"description\">\n<ul>\n<li>Garn aus zertifizierter Bio-Baumwolle<\/li>\n<li>Aus antiallergener Naturfaser<\/li>\n<li>6 Panel Cap<\/li>\n<li>100% Bio Baumwolle<\/li>\n<li>ECP Logo gestickt auf der Front<\/li>\n<li>in zwei Gr\u00f6\u00dfen\n<ul>\n<li>klein = bis ca. 6 Jahre<\/li>\n<li>gro\u00df = ab ca. 7 Jahren<\/li>\n<\/ul>\n<\/li>\n<\/ul>\n<p>Bei allen angebotenen Artikel handelt es sich Fanclub Artikel, die nur auf Bestellung produziert werden.<\/p>\n<p>Es ist keine Handelsware und somit sind alle angebotenen Artikel vom Umtausch und der R\u00fcckgabe ausgeschlossen.<\/p>\n<\/div>\n<\/div>\n","protected":false},"excerpt":{"rendered":"<p>Garn aus zertifizierter Bio-Baumwolle Aus antiallergener Naturfaser 6 Panel Cap 100% Bio Baumwolle ECP Logo gestickt auf der Front in zwei Gr\u00f6\u00dfen klein = bis ca. 6 Jahre gro\u00df = ab ca. 7 Jahren Bei allen angebotenen Artikel handelt es sich Fanclub Artikel, die nur auf Bestellung produziert werden. Es ist keine Handelsware und somit sind alle angebotenen Artikel vom Umtausch und der R\u00fcckgabe ausgeschlossen.<\/p>\n","protected":false},"featured_media":45,"template":"","meta":[],"product_cat":[16,37],"product_tag":[],"class_list":["post-42","product","type-product","status-publish","has-post-thumbnail","hentry","product_cat-caps-muetzen","product_cat-kids"],"jetpack_sharing_enabled":true,"_links":{"self":[{"href":"https:\/\/ecp.pome.de\/index.php\/wp-json\/wp\/v2\/product\/42","targetHints":{"allow":["GET"]}}],"collection":[{"href":"https:\/\/ecp.pome.de\/index.php\/wp-json\/wp\/v2\/product"}],"about":[{"href":"https:\/\/ecp.pome.de\/index.php\/wp-json\/wp\/v2\/types\/product"}],"wp:featuredmedia":[{"embeddable":true,"href":"https:\/\/ecp.pome.de\/index.php\/wp-json\/wp\/v2\/media\/45"}],"wp:attachment":[{"href":"https:\/\/ecp.pome.de\/index.php\/wp-json\/wp\/v2\/media?parent=42"}],"wp:term":[{"taxonomy":"product_cat","embeddable":true,"href":"https:\/\/ecp.pome.de\/index.php\/wp-json\/wp\/v2\/product_cat?post=42"},{"taxonomy":"product_tag","embeddable":true,"href":"https:\/\/ecp.pome.de\/index.php\/wp-json\/wp\/v2\/product_tag?post=42"}],"curies":[{"name":"wp","href":"https:\/\/api.w.org\/{rel}","templated":true}]}}